 1. Let w be p(-9). What is the greatest common factor of w and l?
44
Suppose 41*s - 4023 + 3039 = 0. Calculate the highest common factor of s and 10264.
8
Let s = -34 + 86. Suppose 0 = -5*o + 4*v + 38 + s, 0 = 4*o + 4*v - 36. Let p be (-4 + 80/o)*7. Calculate the greatest common factor of 28 and p.
4
Let k = -5 - -8. Let d be (1 - k)*(-2 - (-2 - -1)). Suppose 0*q - d*q - 4*h + 572 = 0, -q = -4*h - 292. What is the highest common factor of q and 32?
32
Let h be (-12)/(-102) - (5/2)/(306/(-53964)). What is the greatest common divisor of 90 and h?
9
Let n be (18 - 2) + -4 + 2. Suppose -n*v = -12*v - 92. Suppose -5*w - 5*y + 70 = 0, 3*w + 2*y - 1 = v. Calculate the greatest common divisor of 171 and w.
19
Let i be 790/45*3 + 8/6. Suppose 0 = -i*t + 50*t + 16. Suppose -19 = t*m - 55. What is the greatest common factor of 81 and m?
9
Let d be 10/3*(1 + 1/2). Suppose 2*u = 3*c + 279, u + 32 = d*c + 189. Calculate the highest common factor of u and 12.
12
Suppose 0*v = 3*v - 3. Let k(y) = y**2 + 11*y + 4. Let c be k(-11). Let n = c - -6. What is the highest common divisor of v and n?
1
Let v = 37 + -33. Suppose 0*c - v*c = 5*i - 207, 2*c = -4. Let q = 57 - i. What is the highest common factor of 154 and q?
14
Suppose 0 = -3*i - 5*k + 7707, 282*i + 5*k - 5133 = 280*i. Calculate the highest common factor of i and 26.
26
Let c(v) = -3 - 7*v + 0 + v**3 - 5 + 1 + 3*v**2. Let l be c(-4). Suppose l*y - 30 = 15. What is the highest common divisor of y and 99?
9
Let u(w) = 8*w**2 + 32 + 10*w - 36 - 11*w + 24. Let d be u(-5). What is the highest common divisor of d and 75?
75
Let g(d) = -25*d + 283. Let f be g(11). Calculate the greatest common divisor of f and 54.
2
Suppose -18*s + 25*s = 824 + 156. What is the highest common factor of s and 100?
20
Suppose 2*r = 4*r - 8. Let l be 1/((r/804)/(-1)). Let i = 285 + l. What is the greatest common divisor of i and 24?
12
Suppose 3*w + 15 = 30. Suppose -2*l + w*o + 838 = 0, -8*l - 3*o + 2126 = -3*l. Calculate the highest common divisor of l and 53.
53
Suppose -10*i + 43*i - 3116 = -8*i. Calculate the highest common divisor of i and 416.
4
Suppose l = -2, 707*a = 705*a + l + 8098. What is the greatest common factor of 88 and a?
88
Suppose g = -8 + 65. Let v(p) = p**2 + 12*p + 38. Let w be v(-8). Calculate the greatest common factor of g and w.
3
Suppose 4*j + 24 = -492. Let m = 181 + j. Calculate the greatest common divisor of m and 130.
26
Let u = 2253 - 2248. Let t be (-2 - (-12)/8)*-6 - -2. What is the greatest common factor of t and u?
5
Let u(s) = -245*s**2 + 1477*s. Let b be u(6). Calculate the highest common factor of b and 1542.
6
Let p be (1340/536)/(1/700). What is the highest common divisor of 1820 and p?
70
Let t = -57 + 67. Let f be 4/(-1) - (-28)/1. Suppose 4*v = 2*l - f, -v = v + 8. Calculate the greatest common factor of l and t.
2
Let q be (-1290)/4 + 2/(-4). Let g(d) = d**3 - 2*d**2 - 9*d - 1. Let m be g(-5). Let n = m - q. Calculate the greatest common divisor of n and 24.
24
Let k be (-308)/231*(-27)/2. Let z be 2*(5 + -3 + k). What is the greatest common divisor of 50 and z?
10
Suppose -6*i + 25 = -i. Let k = -137 + 139. Suppose y - 6 = -3*n, k*y - 2 = -n + 3*y. What is the highest common divisor of i and n?
1
Suppose 22*b - 2929 = -157. Calculate the greatest common divisor of b and 1278.
18
Let b(g) be the third derivative of 13*g**5/60 - g**3/6 - 16*g**2. Let u be b(-1). Suppose u*j + 40 = 16*j. What is the greatest common divisor of 10 and j?
10
Let n(i) = i**2 - 2*i + 7. Let j be n(8). Suppose -57*m + j*m + 528 = 0. Calculate the greatest common factor of m and 48.
24
Suppose 2*p + 712 = s, 8*p + 4*s + 1090 = 5*p. Let y = 458 + p. Let r = 15 + 25. What is the highest common divisor of r and y?
20
Suppose -332 = -g + 5*t, 4*g + 2*t - 1660 = -g. Let m(l) = 67*l + 1. Let r be m(-3). Let i = r + g. What is the highest common divisor of 33 and i?
33
Let l(s) = 778*s**3 + 2*s**2 - 47*s + 84. Let b be l(2). Calculate the greatest common divisor of 408 and b.
102
Let c = -782 + 1038. What is the greatest common divisor of c and 320?
64
Let q(h) = 7*h - 128. Suppose 58*l - 20*l - 988 = 0. Let c be q(l). Calculate the greatest common factor of 2 and c.
2
Let b = -3605 + 3689. Calculate the highest common factor of b and 4116.
84
Suppose 5*s + 0*s - 20 = 0. Suppose -10 = s*t + 14. Let v = t + 21. What is the highest common factor of v and 5?
5
Suppose -401*x = -487*x + 29670. Calculate the highest common factor of x and 255.
15
Let x(d) = 8*d**2 - 11*d - 10. Let k be x(-1). Suppose -k*a + 19 = -7*a - 5*m, 4*a = -4*m + 52. Let l = 3 - -6. What is the greatest common factor of l and a?
3
Let t be (-14)/2*(-1 - 0). Suppose -8*x - 15 = -9*x. Suppose -5 = -20*l + x*l. What is the highest common divisor of l and t?
1
Suppose -842 = -5*r + 3*j, 4*r - 2*j - 873 = -199. What is the greatest common factor of 1313 and r?
13
Let a be -1 + 44/52 + (-8)/(-52). Let v(l) = l**2 - 3*l + 4. Let x be v(a). Calculate the greatest common factor of 12 and x.
4
Let a(w) = w**3 + w**2 - 7*w. Let g be a(6). Let i = 308 + -136. Let v = 256 - i. What is the greatest common divisor of g and v?
42
Let h(j) = j**2 + 13. Let t be h(-4). Let x(d) = -d**2 + 31*d - 31. Let l be x(t). Calculate the highest common divisor of 27 and l.
27
Suppose 0 = -140*i + 109 + 7451. What is the greatest common divisor of 246 and i?
6
Suppose 0 = 241*f - 175*f - 1980. What is the highest common factor of f and 2055?
15
Suppose 4*b - 3*f = 89316, 74*f - 22344 = -b + 71*f. Calculate the greatest common divisor of b and 12.
12
Let n be (-15520)/(-260) + (-68)/(-221). What is the highest common divisor of 200 and n?
20
Let s = -2395 - -7375. Calculate the highest common factor of 20 and s.
20
Let x(y) be the first derivative of y**3/3 + y**2 - 2*y - 11. Let q be x(-5). Suppose 0 = 4*w - q - 59. Calculate the highest common divisor of 27 and w.
9
Let j be 1415/15 + 6/9. Suppose -682 = 5*c - 707. What is the greatest common factor of c and j?
5
Suppose 5*y - 3*l = 1169, -4*l = l - 10. Let m = -2276 - -2417. What is the greatest common divisor of m and y?
47
Suppose 1345 = -4*h + 3633. Let v = -308 + h. Let b = 48 + -15. What is the greatest common factor of v and b?
33
Suppose -9*h + 207 + 117 = 0. Suppose -72*a + 66*a = -h. Calculate the greatest common factor of a and 70.
2
Let h(m) = -37*m + 2. Let r be h(-4). Let t = 357 - 127. Suppose -5*d = -4*s + t, -11*d + 7*d = 3*s - 188. What is the highest common divisor of s and r?
30
Let v(n) = -n**2 - 15*n - 32. Let g(f) = f**3 - 4*f**2 - f. Let s be g(3). Let z be v(s). Calculate the highest common factor of z and 54.
2
Let a = 419 + -237. Let t be ((-136)/24 - -6)*(-1 + 4 - -165). What is the highest common divisor of t and a?
14
Suppose -2*y = 4*o - 3848, 175*y = 176*y. Calculate the highest common factor of 78 and o.
26
Let h = 1565 + -1220. What is the highest common divisor of 105 and h?
15
Suppose -4*a - 4 = 0, -72*h = -69*h + 4*a - 353. Calculate the highest common divisor of h and 1224.
17
Suppose 5*r - 3*t - 64 = 0, 4*r - 512*t - 61 = -511*t. Suppose 0 = 3*s + 5*v - 153, s - 2*s = -4*v - 51. What is the highest common divisor of r and s?
17
Suppose -3*w + 1 = 7. Let y be (-2 - w/2)*-143. Let o be 2/(-13) + 9063/689. What is the greatest common factor of y and o?
13
Let u be 555/7*(-35)/(-10)*24/18. What is the greatest common divisor of u and 10?
10
Suppose -254*b + 12184 + 4570 = -33030. Calculate the highest common factor of b and 7301.
49
Let w be (1*-5)/((-595)/(-238)) + 1770. What is the highest common divisor of 91 and w?
13
Let a = 24 - -52. Suppose 4*s - 5*o = 15, -5*s + 27 = o + o. Suppose n = -2, -52 + 5 = -3*d - s*n. Calculate the greatest common factor of a and d.
19
Suppose -2*m = -4*t - 1468, -4*m + 2966 = -32*t + 30*t. Calculate the greatest common factor of 6200 and m.
248
Let n be 19 - 4 - 22 - -4039. What is the greatest common divisor of 126 and n?
126
Let z(i) = -4*i - 12. Let o be z(-6). Suppose 0 = -2*p + 2*s - 5 + 21, -o = -p - 3*s. Suppose 1050 = 15*q + 645. What is the highest common divisor of p and q?
9
Suppose 0 = 2*p - 3*f - 6493, 28*p - 6502 = 26*p - 6*f. What is the greatest common divisor of 551 and p?
29
Let t = 10119 - 10117. Suppose 3 = -l + 15. Suppose -t*c -